0.
6533
Calculate the remainder when 3635846 is divided by 28395.
1286
What is the remainder when 147989140 is divided by 2198?
2196
What is the remainder when 4977609 is divided by 907?
900
Calculate the remainder when 124415 is divided by 30.
5
Calculate the remainder when 46562 is divided by 7074.
4118
What is the remainder when 30315 is divided by 14486?
1343
What is the remainder when 148194 is divided by 5288?
130
Calculate the remainder when 37708017 is divided by 78395.
22
What is the remainder when 1829045 is divided by 495?
20
What is the remainder when 7950666 is divided by 24539?
30
What is the remainder when 207421509 is divided by 248?
13
What is the remainder when 239423211 is divided by 2742?
2739
Calculate the remainder when 288826 is divided by 288690.
136
Calculate the remainder when 70686799 is divided by 714008.
7
What is the remainder when 3664177 is divided by 1221383?
28
What is the remainder when 3355549 is divided by 71?
18
Calculate the remainder when 202576746 is divided by 554.
552
What is the remainder when 1887360 is divided by 134809?
34
What is the remainder when 64513404 is divided by 21504467?
3
What is the remainder when 31035 is divided by 1860?
1275
What is the remainder when 6105704 is divided by 160673?
130
What is the remainder when 1605600 is divided by 378?
234
What is the remainder when 83777 is divided by 10719?
8744
Calculate the remainder when 141182 is divided by 747.
746
What is the remainder when 3024761 is divided by 1577?
75
What is the remainder when 89556 is divided by 4504?
3980
Calculate the remainder when 13106262 is divided by 138.
126
Calculate the remainder when 2741589 is divided by 1370669.
251
Calculate the remainder when 221261 is divided by 579.
83
Calculate the remainder when 22642198 is divided by 35657.
3
Calculate the remainder when 10006 is divided by 785.
586
Calculate the remainder when 123228034 is divided by 542.
540
What is the remainder when 46861807 is divided by 2376?
2335
What is the remainder when 712805 is divided by 1553?
1531
Calculate the remainder when 15250599 is divided by 53889.
12
Calculate the remainder when 587642 is divided by 8276.
46
What is the remainder when 1004094 is divided by 502039?
16
What is the remainder when 805868 is divided by 3912?
3908
Calculate the remainder when 3475852 is divided by 1209.
1186
Calculate the remainder when 657614 is divided by 18783.
209
Calculate the remainder when 5795512 is divided by 144887.
32
What is the remainder when 20023 is divided by 967?
683
Calculate the remainder when 4591404 is divided by 1530438.
90
Calculate the remainder when 1270745 is divided by 317520.
665
What is the remainder when 143205 is divided by 247?
192
Calculate the remainder when 368139 is divided by 4280.
59
Calculate the remainder when 4793606 is divided by 16249.
151
Calculate the remainder when 38115 is divided by 9404.
499
What is the remainder when 64412 is divided by 3067?
5
Calculate the remainder when 3146 is divided by 175.
171
Calculate the remainder when 58899 is divided by 29415.
69
What is the remainder when 294543 is divided by 452?
291
What is the remainder when 10310974 is divided by 355?
354
What is the remainder when 30429 is divided by 30418?
11
What is the remainder when 497462 is divided by 953?
949
What is the remainder when 971421 is divided by 719?
52
What is the remainder when 493280 is divided by 15909?
101
Calculate the remainder when 67071164 is divided by 36.
32
What is the remainder when 24818745 is divided by 25799?
107
What is the remainder when 208503 is divided by 1115?
1113
Calculate the remainder when 168002734 is divided by 10384.
10382
Calculate the remainder when 11914 is divided by 4080.
3754
What is the remainder when 15646 is divided by 7823?
0
What is the remainder when 791805 is divided by 22623?
0
What is the remainder when 9337045 is divided by 2858?
2817
What is the remainder when 1782759 is divided by 7751?
29
Calculate the remainder when 3227 is divided by 3224.
3
Calculate the remainder when 2014669 is divided by 925.
19
What is the remainder when 9458291 is divided by 1296?
83
What is the remainder when 5754612 is divided by 39?
6
Calculate the remainder when 137779876 is divided by 20.
16
What is the remainder when 645839 is divided by 2604?
47
Calculate the remainder when 14325 is divided by 2113.
1647
Calculate the remainder when 302604 is divided by 15926.
10
What is the remainder when 17049 is divided by 1525?
274
What is the remainder when 99215680 is divided by 33071891?
7
What is the remainder when 6375224 is divided by 6375206?
18
What is the remainder when 83016 is divided by 2453?
2067
Calculate the remainder when 16194 is divided by 2562.
822
What is the remainder when 31476 is divided by 1276?
852
Calculate the remainder when 7821 is divided by 7614.
207
Calculate the remainder when 212381104 is divided by 7585039.
12
Calculate the remainder when 1285341 is divided by 64266.
21
Calculate the remainder when 5795908 is divided by 319.
316
What is the remainder when 115001469 is divided by 449?
446
Calculate the remainder when 89474 is divided by 22335.
134
Calculate the remainder when 1711302 is divided by 3078.
3012
What is the remainder when 1070079 is divided by 48628?
263
What is the remainder when 1618550 is divided by 1500?
50
Calculate the remainder when 1605428 is divided by 89182.
152
What is the remainder when 181370 is divided by 45336?
26
Calculate the remainder when 157968 is divided by 157791.
177
What is the remainder when 2017611 is divided by 70?
1
What is the remainder when 471563 is divided by 724?
239
Calculate the remainder when 19041722 is divided by 4760427.
14
Calculate the remainder when 4428237 is divided by 3195.
3162
What is the remainder when 14504969 is divided by 1604?
1601
Calculate the remainder when 2377393 is divided by 5080.
5033
Calculate the remainder when 159798 is divided by 1452.
78
What is the remainder when 11553439 is divided by 886?
885
What is the remainder when 38513 is divided by 12836?
5
What is the remainder when 51478 is divided by 757?
2
Calculate the remainder when 2959912 is divided by 51.
25
What is the remainder when 148083 is divided by 16449?
42
What is the remainder when 55122 is divided by 27294?
534
What is the remainder when 106464 is divided by 26600?
64
Calculate the remainder when 1292387 is divided by 74.
51
Calculate the remainder when 116741742 is divided by 445.
442
Calculate the remainder when 2276585 is divided by 1230.
1085
Calculate the remainder when 2295 is divided by 512.
247
What is the remainder when 74137396 is divided by 243873?
4
Calculate the remainder when 47780091 is divided by 12220.
12111
What is the remainder when 88093 is divided by 1157?
161
What is the remainder when 18328587 is divided by 2115?
2112
Calculate the remainder when 2012230 is divided by 54.
28
What is the remainder when 41932 is divided by 44?
0
What is the remainder when 19293800 is divided by 847?
834
Calculate the remainder when 14042 is divided by 13980.
62
Calculate the remainder when 82383 is divided by 8953.
1806
Calculate the remainder when 1427340 is divided by 19.
3
What is the remainder when 55003 is divided by 7801?
396
What is the remainder when 7193055 is divided by 23?
12
What is the remainder when 3313422 is divided by 751?
10
Calculate the remainder when 15663508 is divided by 573.
553
Calculate the remainder when 14823 is divided by 252.
207
Calculate the remainder when 59527 is divided by 8022.
3373
What is the remainder when 337242 is divided by 392?
122
Calculate the remainder when 7891 is divided by 7412.
479
Calculate the remainder when 24260708 is divided by 116638.
4
Calculate the remainder when 148060 is divided by 273.
94
Calculate the remainder when 780122 is divided by 600.
122
Calculate the remainder when 230752912 is divided by 151.
148
What is the remainder when 127839938 is divided by 909?
905
Calculate the remainder when 1584800 is divided by 29348.
8
What is the remainder when 1000699 is divided by 22743?
7
What is the remainder when 2564943 is divided by 18?
15
What is the remainder when 2538279 is divided by 787?
204
Calculate the remainder when 434505 is divided by 194.
139
Calcul